{"id":4,"date":"2010-05-31T07:45:17","date_gmt":"2010-05-31T07:45:17","guid":{"rendered":"http:\/\/wl31www677.webland.ch\/?page_id=4"},"modified":"2019-01-15T15:33:57","modified_gmt":"2019-01-15T15:33:57","slug":"dienstleistungen","status":"publish","type":"page","link":"https:\/\/www.inauen-ag.ch\/?page_id=4","title":{"rendered":"DIENSTLEISTUNGEN"},"content":{"rendered":"<h2>DIENSTLEISTUNGEN<\/h2>\n<h3>Unsere Dreh-Spezialisten l\u00f6sen jede Aufgabe.<\/h3>\n<p>3 bis 65 mm Durchmesser k\u00f6nnen die Drehteile aufweisen, die wir f\u00fcr Sie in h\u00f6chster Pr\u00e4zision ab Stange fertigen. In Serien von 50 bis 5000 St\u00fcck. Egal, ob aus Stahl, Buntmetallen, Messing oder Kunststoff. Aufgrund Ihrer Teilezeichnung mit Vermassung entscheiden wir, wo auf unseren topmodernen CNC-Revolver- Drehautomaten oder unseren CNC-Langdrehautomaten Ihre Drehteile optimal herzustellen sind. Optimal heisst hier: h\u00f6chste Qualit\u00e4t bei minimierten Kosten, dies immer in Relation auch zur Teilegeometrie und dem zu verwendenden Material.<\/p>\n<p>Die Teilefertigung schliesslich \u00fcbernehmen unsere rund 20 erfahrenen Dreh-Spezialisten. Wobei sie sich- auch dies zu Ihrem Vorteil, auf eine eingespielte, prozessorientierte Qualit\u00e4tssicherung gem\u00e4ss ISO 9001:2008 abst\u00fctzen k\u00f6nnen.<\/p>\n<p><a href=\"\/wp-content\/uploads\/2010\/05\/rohmaterial-lager.jpg\"><img loading=\"lazy\" decoding=\"async\" class=\"alignnone size-medium wp-image-172\" title=\"Umfangreiches Rohmateriallager f\u00fcr schnelle Lieferzeiten.\" src=\"\/wp-content\/uploads\/2010\/05\/rohmaterial-lager-370x246.jpg\" alt=\"\" width=\"370\" height=\"246\" srcset=\"https:\/\/www.inauen-ag.ch\/wp-content\/uploads\/2010\/05\/rohmaterial-lager-370x246.jpg 370w, https:\/\/www.inauen-ag.ch\/wp-content\/uploads\/2010\/05\/rohmaterial-lager.jpg 990w\" sizes=\"auto, (max-width: 370px) 100vw, 370px\" \/><\/a><\/p>\n","protected":false},"excerpt":{"rendered":"<p>DIENSTLEISTUNGEN Unsere Dreh-Spezialisten l\u00f6sen jede Aufgabe. 3 bis 65 mm Durchmesser k\u00f6nnen die Drehteile aufweisen, die wir f\u00fcr Sie in h\u00f6chster Pr\u00e4zision ab Stange fertigen. In Serien von 50 bis 5000 St\u00fcck. Egal, ob aus Stahl, Buntmetallen, Messing oder Kunststoff. Aufgrund Ihrer Teilezeichnung mit Vermassung entscheiden wir, wo auf unseren topmodernen CNC-Revolver- Drehautomaten oder unseren [&hellip;]<\/p>\n","protected":false},"author":1,"featured_media":0,"parent":0,"menu_order":3,"comment_status":"open","ping_status":"open","template":"basic_tmp.php","meta":{"footnotes":""},"class_list":["post-4","page","type-page","status-publish","hentry"],"_links":{"self":[{"href":"https:\/\/www.inauen-ag.ch\/index.php?rest_route=\/wp\/v2\/pages\/4","targetHints":{"allow":["GET"]}}],"collection":[{"href":"https:\/\/www.inauen-ag.ch\/index.php?rest_route=\/wp\/v2\/pages"}],"about":[{"href":"https:\/\/www.inauen-ag.ch\/index.php?rest_route=\/wp\/v2\/types\/page"}],"author":[{"embeddable":true,"href":"https:\/\/www.inauen-ag.ch\/index.php?rest_route=\/wp\/v2\/users\/1"}],"replies":[{"embeddable":true,"href":"https:\/\/www.inauen-ag.ch\/index.php?rest_route=%2Fwp%2Fv2%2Fcomments&post=4"}],"version-history":[{"count":13,"href":"https:\/\/www.inauen-ag.ch\/index.php?rest_route=\/wp\/v2\/pages\/4\/revisions"}],"predecessor-version":[{"id":248,"href":"https:\/\/www.inauen-ag.ch\/index.php?rest_route=\/wp\/v2\/pages\/4\/revisions\/248"}],"wp:attachment":[{"href":"https:\/\/www.inauen-ag.ch\/index.php?rest_route=%2Fwp%2Fv2%2Fmedia&parent=4"}],"curies":[{"name":"wp","href":"https:\/\/api.w.org\/{rel}","templated":true}]}}